0, 268 = 4*l + 2*k. Calculate the remainder when l is divided by 35.
34
Let f = -9 - -17. Suppose 0 = -11*d + f*d + 78. Calculate the remainder when 127 is divided by d.
23
Calculate the remainder when 63770/700 + 1/(-10) is divided by 19.
15
Let o(x) = -17*x**2 - x - 1. Let v be o(-1). Let k = 21 + v. Suppose -2*n + 6 = 0, 5 + 68 = 5*q - k*n. Calculate the remainder when 67 is divided by q.
16
Suppose 189 = 11*g - 163. Calculate the remainder when 103 is divided by g.
7
Let w(p) = p + 14. Let r be w(-6). Let i be (-63)/(-12) - 2/r. Suppose 2*g - 4*f = 10, -3*f = -2*g + 7 + i. What is the remainder when 42 is divided by g?
6
Let j = 14 - -26. Let o(g) = g**3 - 2*g**2 + 3*g - 4. Suppose -3*f = -0*f - 9. What is the remainder when j is divided by o(f)?
12
Let w(a) = a**3 - 7*a**2 + 10*a - 1. Let p be w(6). Suppose -p = -2*j + s, -s + 0*s - 1 = 0. Calculate the remainder when 32 is divided by j.
10
Let j(m) = 29*m - 241. What is the remainder when j(13) is divided by 52?
32
Let j(f) = -3*f + 5. Calculate the remainder when (4 - (0 + 2 - -2)) + 138 is divided by j(-3).
12
Suppose 20 = -3*r + 62. Suppose r*g = 16*g - 36. Suppose -c - 10 = -2*c. Calculate the remainder when g is divided by c.
8
What is the remainder when 107 is divided by 9/(-72) + 578/16?
35
Let y be -1 + (-92)/(-8) - 1/(-2). Let b(j) = j**3 - 10*j**2 - j - 2. Calculate the remainder when b(y) is divided by 22.
20
Suppose 6*b = 292 - 40. Let y(j) = -j**3 + 3*j**2 + 4*j - 6. Let a be y(5). Let i = a + b. Calculate the remainder when 41 is divided by i.
5
Suppose -16607 + 78251 = 66*s. What is the remainder when s is divided by 14?
10
Let m = 89 - 35. Suppose 0 = 3*a - m - 30. Suppose 0 = -v - 3 + 13. What is the remainder when a is divided by v?
8
Let t be 25/(1700/8) + 6056/(-34). Let h = t - -192. Suppose -4*n = n - 205. Calculate the remainder when n is divided by h.
13
Let q = 360 - 319. What is the remainder when 154 is divided by q?
31
Suppose 122*p - 1494 = 116*p. Calculate the remainder when p is divided by 50.
49
Suppose 0*l = -l. Suppose 0*i - i + 12 = l. Suppose 477 = 5*b + i. What is the remainder when b is divided by 24?
21
Let v be (-1509)/(-12) + (-21)/12 + 1. Suppose 0 = 5*i + 5*a - v, i + 2*a + a = 21. What is the remainder when i is divided by 2/(-4) + (-15)/(-2)?
6
Suppose 2*x = o - 53, -5 = -3*x + 7. Suppose 2*q = 3*l + 40, 0 = 4*q - 95*l + 98*l - 62. Calculate the remainder when o is divided by q.
10
Let v = 114 + -116. Calculate the remainder when 57 is divided by (89 + 1)*v/(-6).
27
Suppose 2*l - 3*h = 16, 2*h + 6 = -5*l - 2*h. Suppose 8*c - 3*c = i - 31, -2*c + 2 = l*i. Calculate the remainder when 9 is divided by i.
3
Suppose -12*p + 0*p + 1296 = 0. Calculate the remainder when p is divided by 34.
6
Let m(s) = -2*s + 7. Let i be m(3). Let o = -17 + 31. Calculate the remainder when (225/(-20) + i)*-4 is divided by o.
13
Let d(a) = 3*a**2 + 15*a - 113. Let p be 16/(-3) + 2/(-3). Let f = p + 25. Calculate the remainder when d(5) is divided by f.
18
Let u(y) = y - 5. Let z be u(5). Suppose x + 2*x - 36 = z. Calculate the remainder when 21 is divided by x.
9
What is the remainder when (4 - 2 - (-6 - -3)) + 80 is divided by 15?
10
Suppose -19*y - 3*y + 682 = 0. Let l = -39 + 55. What is the remainder when y is divided by l?
15
Let x(l) = l**2 - 2*l + 1. Let c be x(-2). Let p = 15 + c. Suppose 10 = 5*s, -7*g = -3*g + 4*s - 476. What is the remainder when g is divided by p?
21
Suppose 56 - 200 = -12*b. Calculate the remainder when 32 is divided by b.
8
Suppose 2*o - 3*o = -16. Let r = -89 - -102. Suppose -9*b - o = -r*b. Calculate the remainder when 6 is divided by b.
2
Let z = 2417 + -2182. What is the remainder when z is divided by 14?
11
Let p = 695 - 683. Let q = -24 + 46. Calculate the remainder when q is divided by p.
10
Let m(p) = 11*p**2 - 161*p + 12. What is the remainder when m(15) is divided by 63?
9
Suppose 5*q = -2*f + 35, -3*q + 21 = f - 5*f. Let u = q + 7. Suppose 10*w - u*w + 32 = 0. What is the remainder when 29 is divided by w?
5
Suppose 5*s - 76 = 4*m, 2*s = 4*m - 2*m + 32. Let j = 16 + 7. Calculate the remainder when j is divided by s.
11
Let p be 6/(-1)*14/21. Let f be 105/(-9) - p/(-12). Let t = f - -43. Calculate the remainder when t is divided by 11.
9
Let z(k) = 2*k - 16. Let c be z(7). Calculate the remainder when 63 is divided by c*4*(5 - 7).
15
Let w = 101 + -12. Let r = w + -35. What is the remainder when r is divided by 14?
12
Let i(r) = 3*r**2 - 9 + 6*r**2 - 2*r**2 - 6*r**2 + 2*r. Calculate the remainder when i(-5) is divided by ((-1)/((-1)/6))/(3 + -1).
0
Let n = 852 - 724. Calculate the remainder when n is divided by 33.
29
Let r = 249 + -102. Let a = r + -45. What is the remainder when a is divided by 35?
32
Suppose -5*u = 20, 4*p + 0*p - u = 68. Suppose 16*c - 32 = p. Suppose 46 = 3*z + 13. What is the remainder when z is divided by c?
2
Let s(a) = 2*a**3 - 2*a**2 - 8*a + 21. Calculate the remainder when s(2) is divided by 3.
1
Let v(k) = 11*k**2 - 2*k - 3. Suppose 0*p = -4*p - 4. Calculate the remainder when v(p) is divided by 2 + 4 + (-4)/2.
2
Suppose 2*u = -4*y + 194, -u + 27 = -4*y + 206. Let k(l) = 7*l - 4. What is the remainder when y is divided by k(4)?
22
Let c(j) = 16*j + 214. What is the remainder when 47 is divided by c(-13)?
5
Let k be (-4)/((-1)/(-50)*-2). Suppose 2*q - k = 126. Suppose -78 = -4*f + 38. What is the remainder when q is divided by f?
26
Suppose 3*x = 2*x + 16. Let u = -704 + 715. What is the remainder when x is divided by u?
5
Let h(r) = 11*r - 2. Let f(g) = -21*g + 4. Let y(n) = -4*f(n) - 9*h(n). Calculate the remainder when y(-4) is divided by 22.
18
Suppose 3*d + 2*b - 14 = -0*b, -5*d + 26 = 4*b. What is the remainder when 11*4*3/d is divided by 23?
20
Let v = 10 - 8. What is the remainder when 83 is divided by (-36)/(-6) + 16 - 2/v?
20
Let x(l) = l**3 + 3*l**2 + 20*l - 57. What is the remainder when 91 is divided by x(3)?
34
Let j(p) = 13*p**2 - 11*p - 4. Calculate the remainder when 129 is divided by j(-2).
59
Let y = -96 + 103. Suppose y*r = 50 + 13. What is the remainder when 25 is divided by r?
7
Suppose 31 + 14 = o + 4*d, 300 = 5*o + 5*d. Suppose 0*f - 66 = -3*f. What is the remainder when o is divided by f?
21
Suppose 481 + 429 = 14*h. Calculate the remainder when h is divided by 34/(3/(5 + -2)).
31
Suppose -4*j = -554 - 1030. Suppose 3*h + j = -h. What is the remainder when (-1 - h)/(4/4) is divided by 25?
23
Suppose 2*w - 4*h = 30, -4*w + 9*w - 114 = -3*h. Calculate the remainder when 47 is divided by w.
5
Let z(o) = -o**3 + 2*o**3 - 6 + 2*o + 0*o**3 - 6*o**2. Let b be z(4). Calculate the remainder when 43 is divided by (b/4)/((-1)/2).
13
Let i = 8 - 3. Suppose -2*n + 1 = i*a - 8, 0 = -4*a + 2*n + 18. Calculate the remainder when 13 is divided by a.
1
Calculate the remainder when 62 is divided by 56 + -10 + 0 - -4.
12
Suppose 0 = -2*s - 7 + 17. Suppose -2*w = 4*g + 3702, s*g - 5*w + 0*w + 4605 = 0. What is the remainder when g/(-16) - (-6)/(-8) is divided by 20?
17
Suppose 4*k - 6 = -18, 0 = -3*t - k + 51. What is the remainder when 179 is divided by t?
17
Suppose 2*s - 141 = s. Let a(f) = -f**2 - 10*f + 27. What is the remainder when s is divided by a(-9)?
33
Let y(g) = g**2 - 5. Let w be y(3). Suppose -35 = -w*d + 121. Let o = -26 + 36. What is the remainder when d is divided by o?
9
Let u be (-4)/((0 - 3)/6). Let t = u - -31. Suppose 0 = 5*h + q - 71, -2*h + 25 = -0*h - 3*q. What is the remainder when t is divided by h?
11
Let a(y) = 7*y**2 - y - 5. Let g be a(-6). Calculate the remainder when ((-2)/(-2))/(11/g) is divided by 4.
3
Let z = -421 + 490. What is the remainder when z is divided by 14?
13
Suppose -4*a - 108 = -x - x, -4*x - 5*a = -203. Calculate the remainder when x is divided by ((-6)/(-18))/((-2)/(-54)).
7
Let g(o) = -3*o**2 + 2*o + 2. Let x be g(2). Let p = 16 + x. Let r = -1 - -7. What is the remainder when p is divided by r?
4
Calculate the remainder when 106 is divided by 39/52 + (-105)/(-4).
25
Calculate the remainder when 6/((-424)/64 - -7) is divided by 10.
6
Suppose 0 = 6*g - 109 + 1. Let o = 27 - g. What is the remainder when 33 is divided by o?
6
Let n = 191 + -183. Calculate the remainder when 9 is divided by n.
1
Suppose -3*z + 129 = -5*g, -z - 4*g = -0*g - 43